 (-20 - (9 + -4)))
-6
What is the value of ((7 - 5) + -8 - 18) + 64?
40
Calculate (-41 - -3 - -14 - -52) + 5.
33
Calculate 10 + 40 + (-48 - -43).
45
What is (-32 - (-68 + -12)) + -52?
-4
What is -1 + -20 - (34 + -17 + -19) - 13?
-32
What is -57 + (-28 - (15 - 100))?
0
What is (-68 - -53) + 13 - (4 + -2 + -56)?
52
Evaluate -119 + -112 + (-12 - -168).
-75
What is the value of -38 + (-37 - -108) - 42?
-9
(-9 - (26 - 19)) + 5 - 8
-19
Evaluate 10 + -213 + (-38 - -189) + 3 + (-1 - -2).
-48
(-29 - -79) + -5 + -107
-62
What is the value of -14 - (150 + -381 + 104)?
113
(-411 - -368) + 69 + -2
24
Evaluate (-10 - -15 - 12) + 0 + 12 - (42 - -6).
-43
Evaluate -2 + 0 + (-19 + 27 - -52).
58
What is the value of -15 - (-89 + -23) - 153?
-56
What is the value of -19 - 10 - 81 - -51?
-59
Evaluate (35 - -2) + (-114 + 11 - -84).
18
Evaluate 0 + 32 - (-4275 + 4255).
52
Evaluate 63 - (220 + -166) - (70 - 0).
-61
(2 - (-4 + -9)) + 24 + -35 - 31
-27
What is the value of 65 - (151 - (16 - 4))?
-74
(22 - (10 + -7)) + 3 + -35
-13
Calculate 7 + 0 + (-24 - -8 - (11 + -6)).
-14
What is the value of 71 - (-1 + -18 + 12 + -4 + 5)?
77
What is the value of -54 + 16 + 21 + -15 + 0 + 0?
-32
Evaluate (-20 - (-2 - 3)) + 68 - (-1 + 7).
47
-23 - -4 - (-169 - -123)
27
44 - 42 - (-25 - -3) - -66
90
Calculate 33 - (10 + -9 + -7) - -2 - (-2 - 8).
51
Evaluate -23 - (-20 - 11) - 80.
-72
What is (57 - 1 - 1) + (-23 - 0) + -59 + 86?
59
Calculate 19 + 15 + -7 + -18.
9
What is (4 + -15 - -42) + -38 + -1 + -40?
-48
Calculate 93 + 43 + -77 + 34 + 29.
122
What is 26 - (-97 - -143) - (69 + 0)?
-89
Calculate 19 + -31 + (-5 - (1 + 0 + -20 + 22)).
-20
What is the value of 10 + 1 + (0 - 12 - (-72 + 109))?
-38
Calculate (3 - 2 - 1) + (64 - (21 + 97)).
-54
490 - 261 - (120 + -4)
113
Calculate -32 + (2 + -9 - (23 - 24)) + 2.
-36
What is (-23 + 38 - 6) + (-24 - (2 - -2) - 4)?
-23
-158 - (60 + 21 + -150)
-89
Calculate 10 - (-1 + 7 + -3 + (6 - 14) - 4).
19
What is 31 - (20 + 22 + 6) - -62?
45
What is the value of 43 - ((6 - (-9 - 12)) + 18 + -37)?
35
-4 - -6 - (-278 + 302)
-22
Calculate 53 + (-2 - 8) + (828 - 799).
72
What is the value of -17 - -29 - (3 + 17) - -28?
20
-5 + 0 - ((43 + -9 - 2) + -38)
1
What is the value of 40 - (142 - (-24 - -81))?
-45
What is 1532 + -1556 + (98 - 2)?
72
What is -16 + -13 + 7 + (-10 - -5)?
-27
Calculate 90 + -41 + -39 + -60.
-50
What is the value of (-25 - 0) + (-100 - (-332 - -150))?
57
What is (-1 - (14 + -16)) + -2 + 13 + 5 + -56?
-39
What is (3 - -1) + -23 + (-131 - -163)?
13
What is the value of (124 - 67 - 81) + -3 + -32?
-59
Evaluate -220 + 278 + -109 + (-1 - (0 + 2)) - 9.
-63
(-486 - -468) + (-3 - -1)
-20
Calculate 50 + -3 + -24 + 20.
43
-93 + (-30 - (10 + -87))
-46
What is the value of (-63 - (11 + (-4 - -9) - (6 + 0))) + 10?
-63
Evaluate 134 + (-64 - 8) + -54.
8
What is the value of -6 - (-9 + 12 + -10 + 15) - (-84 - -3)?
67
Evaluate -11 + (4 - ((21 - 11) + -14)).
-3
What is (8 + 5 - 13) + 22 + -35 - (40 - 0)?
-53
Calculate (-25 - (23 + -10)) + -22 + (-15 - 4).
-79
What is the value of (-1 - 12) + (-79 - -82) - 3 - (-7 + 1)?
-7
What is -9 - 9 - (10 - (61 + -22) - -12)?
-1
-1 + 2 + -1 + 20 + (-56 - -6) + -38
-68
What is (1 - 10 - 70) + (9 - ((-3 - -11) + -7))?
-71
Evaluate -9 - (45 - 13) - (-24 - -19).
-36
Evaluate (54 - (-105 - -101)) + -78.
-20
What is the value of 132 + -5 - (0 - -4) - (-139 + -13 + 140)?
135
What is -51 + -2 - (2780 + -2863)?
30
Calculate 14 - (27 - (12 + (-6 - (-3 - -6))) - 4).
-6
Evaluate -14 + 51 + (-50 - -41 - (5 + (-21 - -4))).
40
67 + 1 - (29 - (1 + (-8 - -32)))
64
Calculate -20 - (17 + -35) - (2 + 9).
-13
Calculate -12 + 25 + 17 + -4 + 2 + 0 + 5.
33
What is 2 + (-5 - -9 - 9 - -2 - -10 - -24)?
33
What is 686 - 694 - (51 - ((5 - 8) + 1))?
-61
(7 - (15 - 3) - 9) + 10
-4
Calculate -166 + 36 + 104 + 122.
96
Calculate (-32 + -18 - -56) + (2 - 66 - -1).
-57
What is the value of (-5 - -142) + -1 + (-15 - (4 + -10))?
127
What is the value of -81 - (1288 + -1313 - (-25 - 1))?
-82
What is the value of 36 - 13 - (-3 + 5 + 6 - (120 - 99))?
36
Evaluate (-8 - ((4 - (-2 + 4)) + -1)) + 30.
21
Calculate 16 - (-50 - (44 + -9 - -2)).
103
What is 7 + (33 - (10 - (7 - (7 - 5))))?
35
Evaluate (-11 - -5) + (-19 + 10 - -21 - -31).
37
What is the value of 0 - (5 + (7 - 10) - (4 - 4))?
-2
What is the value of -21 + -14 + (-6 - -1 - (20 - 4 - 15))?
-41
Calculate (-66 - (1 - -2)) + (4 - -11 - (-31 + 39)).
-62
Evaluate -85 - (-12 + 2 + 11 + 4 + (7 - 20)).
-77
11 + -17 + (0 - 19)
-25
What is the value of 0 + -12 + -38 + 51?
1
What is -14 - ((-40 - -133) + -115 + (91 - -1))?
-84
What is the value of 20 + -17 + (-52 - -23) + 4 + 0?
-22
What is 55 + -29 - 136 - -56?
-54
What is the value of 39 - 64 - (1 + -11) - 11?
-26
What is the value of 0 - 11 - (80 - (219 + 3))?
131
Evaluate -11 + (102 - (14 - 14)) + (-8 - 5) + -6.
72
Evaluate 1 + -76 + -4792 + 4856.
-11
-1 + 147 + 2356 + -2426
76
Calculate -6 + (0 - 4) + 6 - (53 - 90).
33
Evaluate (28 - -2) + -4 + -77 + 61 + (11 - 0).
21
Evaluate 5 + -6 - (3 - 12 - 2) - (-1 - 5).
16
(-88 - -29 - -34) + 0
-25
What is 94 + -49 + -33 + 13 + 29?
54
-90 + 60 + -11 + 14
-27
What is 31 + -12 + -39 + (-2 - (13 - (9 - 1)))?
-27
What is the value of -10 - (21 - -7) - (-127 + 148)?
-59
Evaluate 16 - 7 - (1 - 9).
17
What is the value of -242 + 114 + (74 - 1)?
-55
87 + -420 + 328 + (1 - 1) + -58
-63
Calculate 0 - (-26 - 8) - (-5 + 1 - -3).
35
What is the value of 24 + 16 + -2 - (-2 + 5 + 0)?
35
Calculate 45 + 8 + -10 + (8 - 0) + -4 - -5.
52
What is the value of -1 - (17 + -6) - -8 - (-91 + 0 + 3)?
84
What is 65 - (-17 - (-56 + 37))?
63
What is the value of 43 + 1 + (163 - (333 + -140)) + (-110 - -1)?
-95
Evaluate 81 + -83 + -27 + (-1 - -2).
-28
What is -246 + 8 + 242 + -24 + 1 + 1?
-18
What is the value of 12 + (18 - (-18 - -1 - -21))?
26
-4 + 20 + 66 + -90 + (23 - (-4 - -3))
16
What is the value of -17 - (-22 + (10 - -5) - -109)?
-119
(-51 - -103) + -15 + -1 + 3
39
What is the value of -68 - (-3 + 20 - 46 - -8)?
-47
-18 + 3 + (30 - 25) + (16 - -41)
47
Calculate -3 + 16 - 3 - 3 - -38 - 16.
29
What is the value of -91 - (-190 + 114 - 40)?
25
101 + (-167 - -99) + -4 + (-1 - -1)
29
(-5 - 45) + (-85 + 84 - 20)
-71
Calculate 18 + (-2 - (28 - -7)) + -3.
-22
What is the value of -4 + (-1 - 1 - (105 - 118) - (0 + 13))?
-6
What is the value of (0 - 60) + -30 + -14 + 89 + -44?
-59
What is -14 + -55 + 36 - 64 - -39?
-58
Calculate (3 + 2 - (46 - 2)) + (-19 - -22).
-36
What is the value of -21 + (6 - 22 - (-27 + -7))?
-3
7 - ((-6 - -80) + -2 - -12) - (-10 + 0)
-67
Calculate (-33 + 6 - -1) + (-4 - -7) + (-1 - -8).
-16
What is -4 + (32 - 84) + 10?
-46
37 - (-57 + 58 - (-4 - (-3 - -3)))
32
What is -1 - 19 - (-3902 - -3923)?
-41
Calculate -44 - (1 + -50) - ((4 - -9) + 0).
-8
-105 - 77 - 39 - -114
-107
Calculate 14 + -6 - (40 + -43 + 0 + 0).
11
Calculate (3193 - 3005) + -87 + 3.
104
Calculate (-18 - -12) + (1 - -5 - 0) + (-17 - 43).
-60
What is (-64 - ((-6 + 9 + -8 - -12) + -15)) + 6?
-50
Calculate (-1 - -8) + (-47 + 5 - (-236 - -222)).
-21
Evaluate -68 + 176 - (6 + 0 + 18 - 6).
90
-3 + 122 + 364 + -372 - 8
103
What is -34 + (-24 - (-22 + 23)) - -9?
-50
Evaluate (-9 + 0 - (-8 + 0)) + -1 + 16 + 2.
16
What is the value of -5 + -2 + -2 + 7 - (-6 - -16)?
-12
What is the value of (7 - (-11 - -16) - 66) + -1 + 17?
-48
Calculate 5 + (-8 - (-4 + 4)) + (10 - 11) + 19.
15
What is 34 + -14 + -25 + (82 - 28)?
49
What is 19 - (1 - (3 + 3)) - 6 - (123 - 120)?
15
Calculate (-6 - (-8 - -1 - -15)) + 47.
33
Evaluate -2 + 4 + -42 + (-130 - (-329 - -198)).
-39
Evaluate -4 + 3 - ((-4 - (-103 - -18)) + -2 - -12).
-92
What is (83 - (26 + 22)) + -2 + -15?
18
What is the value of -6 + 5 - (9 + -18 - 2) - (-2 - -17)?
-5
Evaluate -6 + (-9 - 36) - -44.
-7
Evaluate -20 + -4 + 0 + (-149 + 136 - (-1 - 23)).
-13
Evaluate -65 + 27 + 48 + (0 - 0).
10
Evaluate 4 - ((-6 - (-9 + 3) - -4) + 9).
-9
-2340 + 2322 - (-106 - -1)
87
What is 135 - 10 - (38 + 37)?
50
What is -31 + (99 - (58 - -77))?
-67
What is the value of -7 - -2 - (-170 + 165 + -78)?
78
Calculate -116 + (379 - 391 - (12 + 2 - 2)).
-140
(2 - -9 - 3) + (3 - (-8 + 29 - 1))
-9
What is -2 - 12 - (26 + -10 + -19 - (4 - 13))?
-20
Calculate -45 - (-30 + -6) - -35.
26
(-2711 - -2761) + (1 - 43)
8
What is -47 - -87 - (-2 + -6 + (5 - 0))?
43
